{"id":1005,"date":"2018-06-18T16:59:43","date_gmt":"2018-06-18T14:59:43","guid":{"rendered":"https:\/\/naktalk.de\/nak-forschungsbericht\/?page_id=1005"},"modified":"2018-06-19T09:42:59","modified_gmt":"2018-06-19T07:42:59","slug":"zeugnisse-kalender-unsere-familie","status":"publish","type":"page","link":"https:\/\/naktalk.de\/nak-forschungsbericht\/zeugnisse-kalender-unsere-familie\/","title":{"rendered":"Zeugnisse aus dem Kalender \u00bbUnsere Familie\u00ab"},"content":{"rendered":"<div class=\"strong-view strong-view-id-5 default wpmtst-default strong-pager\" data-count=3 data-pager-var=strong_pager_id_5 data-state=idle><div class=\"strong-content strong-paginated strong-columns columns-2\"><div class=\"wpmtst-testimonial testimonial post-1140\"><div class=\"wpmtst-testimonial-inner testimonial-inner\"><h3 class=\"wpmtst-testimonial-heading testimonial-heading\">Hast du mich lieb?<\/h3><div    class=\"wpmtst-testimonial-content testimonial-content\"><div class=\"maybe-clear\"><\/div><p>Aber der Herr fragt dich noch einmal: &#8222;<strong>Glaubst du dem Wort des Stammapostels von ganzem Herzen, mit der ganzen Kraft deiner Seele<\/strong>? Das Wort in der Heiligen Schrift, das von f\u00fcnf klugen und f\u00fcnf t\u00f6richten Jungfrauen berichtet, gilt den Gotteskindern unserer Zeit \u2014 niemand sonst! [&#8230;] Mit Ehrfurcht sehen heute viele auf die gro\u00dfen Gottesm\u00e4nner vergangener Zeit, aber wie oft vermi\u00dft man selbst unter Gotteskindern die rechte Ehrfurcht dem Stammapostel gegen\u00fcber. &#8222;Was ihr getan habt einem unter diesen meinen geringsten Br\u00fcdern, das habt ihr mir getan&#8220;, sagt Jesus (Matth\u00e4us 25, 40). Wie schwer wiegt dann das, was dem Stammapostel zugef\u00fcgt wird, als dem gro\u00dfen Mann Gottes unserer Zeit, den der Herr zur Heimf\u00fchrung der Lammesbraut ausersehen hat.<\/p><\/div><div class=\"wpmtst-testimonial-field testimonial-field testimonial-name\">Apostel Gotthilf Volz, Kirchheim-Teck<\/div><div class=\"wpmtst-testimonial-field testimonial-field testimonial-company\">Kalender \"Unsere Familie\", 1955, Seite 45<\/div><div class=\"clear\"><\/div><\/div><\/div><div class=\"wpmtst-testimonial testimonial post-1061\"><div class=\"wpmtst-testimonial-inner testimonial-inner\"><h3 class=\"wpmtst-testimonial-heading testimonial-heading\">Die Zeit<\/h3><div    class=\"wpmtst-testimonial-content testimonial-content\"><div class=\"maybe-clear\"><\/div><p>Wir wissen es, denn der Stammapostel als der Sachwalter Christi hat es uns gesagt und sagt es immer wieder. Denn sein g\u00f6ttlicher Auftrag lautet, das Erl\u00f6sungswerk Gottes auf dieser Erde zu seinen Lebzeiten zu vollenden.<br \/>\nDer Stammapostel ist nun 83 Jahre alt und so ist es also unwahrscheinlich, da\u00df einer sagen k\u00f6nnte: &#8222;Nun, dann hat\u00b4s noch Zeit, dann kommt der Herr noch nicht!&#8220;<br \/>\nUnd sollte doch hier oder dort einer sein, der so sagt, dann mu\u00df er seinen Seelenzustand ernsthaft pr\u00fcfen, denn dann hat das Geistesgut des F\u00fcrsten der Finsternis in seiner Seele Raum gefunden. Davor aber m\u00f6ge eine jede geistgetaufte Seele bewahrt werden, denn ihr Tr\u00e4ger wird jene furchtbare Zeit erleben m\u00fcssen, die ihre Schatten schon unheildrohend vorauswirft.<\/p><\/div><div class=\"wpmtst-testimonial-field testimonial-field testimonial-name\">Erich Meyer-Geweke<\/div><div class=\"wpmtst-testimonial-field testimonial-field testimonial-company\">Kalender \"Unsere Familie\", 1953, Seite 35<\/div><div class=\"clear\"><\/div><\/div><\/div><div class=\"wpmtst-testimonial testimonial post-1056\"><div class=\"wpmtst-testimonial-inner testimonial-inner\"><h3 class=\"wpmtst-testimonial-heading testimonial-heading\">An Christi Statt<\/h3><div    class=\"wpmtst-testimonial-content testimonial-content\"><div class=\"maybe-clear\"><\/div><p>In Petrus also hatte sich nach des Herrn eigenen Worten der Geist Gottes offenbart auf diese Pr\u00fcfungsfrage Christi. Und das veranla\u00dfte den Herrn, Petrus die L\u00f6se- und Bindegewalt zu \u00fcbertragen und dieses Amt in Kraft zu setzen, wenn die Zeit daf\u00fcr erf\u00fcllt sein w\u00fcrde. [&#8230;] Der Herr hatte ihn aber mit diesen Worten zu dem hohen Amt seines Nachfolgers bereits ausgesondert f\u00fcr jene Zeit, in der er selbst nicht mehr auf Erden weilen w\u00fcrde. Er hat diesen Auftrag f\u00fcr Petrus auch erst in Kraft gesetzt, als er das Opfer vollbrachte, den Sieg \u00fcber H\u00f6lle und Tod errungen hatte, denn wir lesen in der Schrift: Er erschien Petrus am See Genezareth, nachdem er Tage zuvor den Aposteln die Macht zur Vergebung der S\u00fcnden gespendet hatte und befahl ihm: &#8222;Weide meine L\u00e4mmer! Weide meine Schafe!&#8220; Damit war der Apostel Petrus an Christi Statt an die Spitze des Gottesvolkes auf Erden getreten, ausger\u00fcstet mit den gr\u00f6\u00dften Vollmachten, \u00fcber die bis dahin je ein Mensch verf\u00fcgte. Petrus war damit \u00fcber alle Apostel gesetzt ohne sein oder eines anderen Zutun. Er nahm diesen Auftrag aus der Hand des Sohnes Gottes, des Herrschers \u00fcber Leben und Tod entgegen, denn der Herr war ihm zu dem Zweck erschienen, um ihm das Amt des Stammapostels zu \u00fcbertragen.<\/p><\/div><div class=\"wpmtst-testimonial-field testimonial-field testimonial-name\">Verlag und Druck: Friedrich Bischoff<\/div><div class=\"wpmtst-testimonial-field testimonial-field testimonial-company\">Kalender \"Unsere Familie\", 1951, Seite 33-34<\/div><div class=\"clear\"><\/div><\/div><\/div><\/div><\/div>\n","protected":false},"excerpt":{"rendered":"","protected":false},"author":1,"featured_media":0,"parent":0,"menu_order":0,"comment_status":"closed","ping_status":"closed","template":"","meta":{"footnotes":""},"_links":{"self":[{"href":"https:\/\/naktalk.de\/nak-forschungsbericht\/wp-json\/wp\/v2\/pages\/1005"}],"collection":[{"href":"https:\/\/naktalk.de\/nak-forschungsbericht\/wp-json\/wp\/v2\/pages"}],"about":[{"href":"https:\/\/naktalk.de\/nak-forschungsbericht\/wp-json\/wp\/v2\/types\/page"}],"author":[{"embeddable":true,"href":"https:\/\/naktalk.de\/nak-forschungsbericht\/wp-json\/wp\/v2\/users\/1"}],"replies":[{"embeddable":true,"href":"https:\/\/naktalk.de\/nak-forschungsbericht\/wp-json\/wp\/v2\/comments?post=1005"}],"version-history":[{"count":3,"href":"https:\/\/naktalk.de\/nak-forschungsbericht\/wp-json\/wp\/v2\/pages\/1005\/revisions"}],"predecessor-version":[{"id":1058,"href":"https:\/\/naktalk.de\/nak-forschungsbericht\/wp-json\/wp\/v2\/pages\/1005\/revisions\/1058"}],"wp:attachment":[{"href":"https:\/\/naktalk.de\/nak-forschungsbericht\/wp-json\/wp\/v2\/media?parent=1005"}],"curies":[{"name":"wp","href":"https:\/\/api.w.org\/{rel}","templated":true}]}}

<div class="strong-view strong-view-id-5 default wpmtst-default strong-pager" data-count=3 data-pager-var=strong_pager_id_5 data-state=idle><div class="strong-content strong-paginated strong-columns columns-2"><div class="wpmtst-testimonial testimonial post-1140"><div class="wpmtst-testimonial-inner testimonial-inner"><h3 class="wpmtst-testimonial-heading testimonial-heading">Hast du mich lieb?</h3><div    class="wpmtst-testimonial-content testimonial-content"><div class="maybe-clear"></div><p>Aber der Herr fragt dich noch einmal: &#8222;<strong>Glaubst du dem Wort des Stammapostels von ganzem Herzen, mit der ganzen Kraft deiner Seele</strong>? Das Wort in der Heiligen Schrift, das von fünf klugen und fünf törichten Jungfrauen berichtet, gilt den Gotteskindern unserer Zeit — niemand sonst! [&#8230;] Mit Ehrfurcht sehen heute viele auf die großen Gottesmänner vergangener Zeit, aber wie oft vermißt man selbst unter Gotteskindern die rechte Ehrfurcht dem Stammapostel gegenüber. &#8222;Was ihr getan habt einem unter diesen meinen geringsten Brüdern, das habt ihr mir getan&#8220;, sagt Jesus (Matthäus 25, 40). Wie schwer wiegt dann das, was dem Stammapostel zugefügt wird, als dem großen Mann Gottes unserer Zeit, den der Herr zur Heimführung der Lammesbraut ausersehen hat.</p></div><div class="wpmtst-testimonial-field testimonial-field testimonial-name">Apostel Gotthilf Volz, Kirchheim-Teck</div><div class="wpmtst-testimonial-field testimonial-field testimonial-company">Kalender "Unsere Familie", 1955, Seite 45</div><div class="clear"></div></div></div><div class="wpmtst-testimonial testimonial post-1061"><div class="wpmtst-testimonial-inner testimonial-inner"><h3 class="wpmtst-testimonial-heading testimonial-heading">Die Zeit</h3><div    class="wpmtst-testimonial-content testimonial-content"><div class="maybe-clear"></div><p>Wir wissen es, denn der Stammapostel als der Sachwalter Christi hat es uns gesagt und sagt es immer wieder. Denn sein göttlicher Auftrag lautet, das Erlösungswerk Gottes auf dieser Erde zu seinen Lebzeiten zu vollenden.<br />
Der Stammapostel ist nun 83 Jahre alt und so ist es also unwahrscheinlich, daß einer sagen könnte: &#8222;Nun, dann hat´s noch Zeit, dann kommt der Herr noch nicht!&#8220;<br />
Und sollte doch hier oder dort einer sein, der so sagt, dann muß er seinen Seelenzustand ernsthaft prüfen, denn dann hat das Geistesgut des Fürsten der Finsternis in seiner Seele Raum gefunden. Davor aber möge eine jede geistgetaufte Seele bewahrt werden, denn ihr Träger wird jene furchtbare Zeit erleben müssen, die ihre Schatten schon unheildrohend vorauswirft.</p></div><div class="wpmtst-testimonial-field testimonial-field testimonial-name">Erich Meyer-Geweke</div><div class="wpmtst-testimonial-field testimonial-field testimonial-company">Kalender "Unsere Familie", 1953, Seite 35</div><div class="clear"></div></div></div><div class="wpmtst-testimonial testimonial post-1056"><div class="wpmtst-testimonial-inner testimonial-inner"><h3 class="wpmtst-testimonial-heading testimonial-heading">An Christi Statt</h3><div    class="wpmtst-testimonial-content testimonial-content"><div class="maybe-clear"></div><p>In Petrus also hatte sich nach des Herrn eigenen Worten der Geist Gottes offenbart auf diese Prüfungsfrage Christi. Und das veranlaßte den Herrn, Petrus die Löse- und Bindegewalt zu übertragen und dieses Amt in Kraft zu setzen, wenn die Zeit dafür erfüllt sein würde. [&#8230;] Der Herr hatte ihn aber mit diesen Worten zu dem hohen Amt seines Nachfolgers bereits ausgesondert für jene Zeit, in der er selbst nicht mehr auf Erden weilen würde. Er hat diesen Auftrag für Petrus auch erst in Kraft gesetzt, als er das Opfer vollbrachte, den Sieg über Hölle und Tod errungen hatte, denn wir lesen in der Schrift: Er erschien Petrus am See Genezareth, nachdem er Tage zuvor den Aposteln die Macht zur Vergebung der Sünden gespendet hatte und befahl ihm: &#8222;Weide meine Lämmer! Weide meine Schafe!&#8220; Damit war der Apostel Petrus an Christi Statt an die Spitze des Gottesvolkes auf Erden getreten, ausgerüstet mit den größten Vollmachten, über die bis dahin je ein Mensch verfügte. Petrus war damit über alle Apostel gesetzt ohne sein oder eines anderen Zutun. Er nahm diesen Auftrag aus der Hand des Sohnes Gottes, des Herrschers über Leben und Tod entgegen, denn der Herr war ihm zu dem Zweck erschienen, um ihm das Amt des Stammapostels zu übertragen.</p></div><div class="wpmtst-testimonial-field testimonial-field testimonial-name">Verlag und Druck: Friedrich Bischoff</div><div class="wpmtst-testimonial-field testimonial-field testimonial-company">Kalender "Unsere Familie", 1951, Seite 33-34</div><div class="clear"></div></div></div></div></div>
