{"id":997,"date":"2018-06-18T16:54:29","date_gmt":"2018-06-18T14:54:29","guid":{"rendered":"https:\/\/naktalk.de\/nak-forschungsbericht\/?page_id=997"},"modified":"2018-06-18T23:31:43","modified_gmt":"2018-06-18T21:31:43","slug":"zeugnisse-waechterstimme","status":"publish","type":"page","link":"https:\/\/naktalk.de\/nak-forschungsbericht\/zeugnisse-waechterstimme\/","title":{"rendered":"Zeugnisse aus der \u00bbW\u00e4chterstimme\u00ab"},"content":{"rendered":"<div class=\"strong-view strong-view-id-3 default wpmtst-default strong-pager\" data-count=5 data-pager-var=strong_pager_id_3 data-state=idle><div class=\"strong-content strong-paginated strong-columns columns-2\"><div class=\"wpmtst-testimonial testimonial post-1047\"><div class=\"wpmtst-testimonial-inner testimonial-inner\"><h3 class=\"wpmtst-testimonial-heading testimonial-heading\">Zeitgem\u00e4\u00dfe Speise<\/h3><div    class=\"wpmtst-testimonial-content testimonial-content\"><div class=\"maybe-clear\"><\/div><p>Wie das Recht des Herrn durch seine zeitgem\u00e4\u00dfen Gedanken dargestellt wird, so sind sein Wille, seine Rede, seine Worte und seine Botschaften die zeitgem\u00e4\u00dfe Speise f\u00fcr die Seele. Es gab und gibt viele, die w\u00fcrden die zeitgem\u00e4\u00dfe Speise, die uns in der Botschaft des Stammapostels entgegengebracht wird, am liebsten konservieren und aufsparen auf den Winter. Das sind aber keine klugen Knechte. Sie bringen daf\u00fcr Konservenb\u00fcchsen voll alter Wunder und Geschichtchen. [&#8230;] Jeder Vorsteher hat ja so eine Familie, die ern\u00e4hrt werden will, und zwar nicht mit Geschichtlein und Wundererz\u00e4hlungen, sondern\u00a0 m i t\u00a0 d e m\u00a0 z e i t g e m \u00e4 \u00df e n\u00a0 W o r t\u00a0 d e s\u00a0 H e r r n. Das setzt allerdings eine Arbeit an sich selbst voraus. Die vom Stammapostel und den treuen Aposteln dargereichte Spei\u00dfe will gut zubereitet, mit der n\u00f6tigen W\u00fcrze versehen und frei vom Schmutz allen Unglaubes und Zweifels, dem Volke Gottes \u00fcbermittelt werden. Nur keine Konserven!<\/p><\/div><div class=\"wpmtst-testimonial-field testimonial-field testimonial-name\">Herausgeber: J. G. Bischoff<\/div><div class=\"wpmtst-testimonial-field testimonial-field testimonial-company\">W\u00e4chterstimme, 15. Februar 1955, Seite 28-29<\/div><div class=\"clear\"><\/div><\/div><\/div><div class=\"wpmtst-testimonial testimonial post-1046\"><div class=\"wpmtst-testimonial-inner testimonial-inner\"><h3 class=\"wpmtst-testimonial-heading testimonial-heading\">Ich mu\u00df dabei sein!<\/h3><div    class=\"wpmtst-testimonial-content testimonial-content\"><div class=\"maybe-clear\"><\/div><p>Im Glauben an die Botschaft des Stammapostels und im Erwarten des baldigen Kommens des Herrn, des Liebsten unserer Seele, ist auch unsere Losung:\u00a0 I c h\u00a0 m u \u00df\u00a0 d a b e i\u00a0 s e i n !<\/p><\/div><div class=\"wpmtst-testimonial-field testimonial-field testimonial-name\">Herausgeber: J. G. Bischoff<\/div><div class=\"wpmtst-testimonial-field testimonial-field testimonial-company\">W\u00e4chterstimme, 1. Februar 1955, Seite 23<\/div><div class=\"clear\"><\/div><\/div><\/div><div class=\"wpmtst-testimonial testimonial post-1045\"><div class=\"wpmtst-testimonial-inner testimonial-inner\"><h3 class=\"wpmtst-testimonial-heading testimonial-heading\">Wertvolle Worte unseres Stammapostels<\/h3><div    class=\"wpmtst-testimonial-content testimonial-content\"><div class=\"maybe-clear\"><\/div><p>&#8222;Wir haben in der Zeit unserer Erdentage die M\u00f6glichkeit, alles zu gewinnen und haben auch die M\u00f6glichkeit, alles zu verlieren! Es kommt auf unsere pers\u00f6nliche Entscheidung an! Suchen wir den Willen Gottes zu tun, dann\u00a0 w i r d\u00a0 nicht, dann\u00a0 k a n n\u00a0 nicht, dann\u00a0 m u \u00df\u00a0 der Erfolg kommen, weil es der Herr verhei\u00dfen hat!&#8220;<\/p><\/div><div class=\"wpmtst-testimonial-field testimonial-field testimonial-name\">Herausgeber: J. G. Bischoff<\/div><div class=\"wpmtst-testimonial-field testimonial-field testimonial-company\">W\u00e4chterstimme, 1. Februar 1955, Seite 23<\/div><div class=\"clear\"><\/div><\/div><\/div><div class=\"wpmtst-testimonial testimonial post-1043\"><div class=\"wpmtst-testimonial-inner testimonial-inner\"><h3 class=\"wpmtst-testimonial-heading testimonial-heading\">Die Braut des Lammes<\/h3><div    class=\"wpmtst-testimonial-content testimonial-content\"><div class=\"maybe-clear\"><\/div><p>Wenn in den M\u00e4nnern, die teils hervorragende Stellungen im Werke Gottes eingenommen haben, der Heilige Geist die Gesinnung des Lammes h\u00e4tte hervorbringen k\u00f6nnen, st\u00fcnden sie noch heute treu hinter dem Stammapostel. Dadurch ist erwiesen, da\u00df sich leider nicht alle durch den Heiligen Geist in die Gesinnung des Lammes bringen lassen. [&#8230;] Das Lamm allein ist w\u00fcrdig, die sieben Siegel des Buches zu brechen und damit das Erl\u00f6sungswerk durchzuf\u00fchren und zu vollenden. Der vornehmste Tr\u00e4ger dieser Gesinnung ist unser Stammapostel. Damit ist er die Offenbarungsst\u00e4tte des Gottessohnes.<\/p><\/div><div class=\"wpmtst-testimonial-field testimonial-field testimonial-name\">Herausgeber: J. G. Bischoff<\/div><div class=\"wpmtst-testimonial-field testimonial-field testimonial-company\">W\u00e4chterstimme, 15. Januar 1955, Seite 14<\/div><div class=\"clear\"><\/div><\/div><\/div><div class=\"wpmtst-testimonial testimonial post-1041\"><div class=\"wpmtst-testimonial-inner testimonial-inner\"><h3 class=\"wpmtst-testimonial-heading testimonial-heading\">Vorsicht<\/h3><div    class=\"wpmtst-testimonial-content testimonial-content\"><div class=\"maybe-clear\"><\/div><p>Was Petrus der Urkirche bedeutet hat, das ist uns heute in der Endzeit der Kirche Christi, der Stammapostel. Er ist der zeitgem\u00e4\u00dfe Felsen, auf dem die Gemeinde des Herrn vollendet wird. Seine Botschaft, da\u00df der Herr zu seiner und damit auch zu unserer Lebzeit kommen wird, ist einem g\u00f6ttlichen Sendschreiben unserer Zeit gleichzusetzen.<\/p><\/div><div class=\"wpmtst-testimonial-field testimonial-field testimonial-name\">Herausgeber: J. G. Bischoff<\/div><div class=\"wpmtst-testimonial-field testimonial-field testimonial-company\">W\u00e4chterstimme, 15. Januar 1955, Seite 9<\/div><div class=\"clear\"><\/div><\/div><\/div><\/div><\/div>\n","protected":false},"excerpt":{"rendered":"","protected":false},"author":1,"featured_media":0,"parent":0,"menu_order":0,"comment_status":"closed","ping_status":"closed","template":"","meta":{"footnotes":""},"_links":{"self":[{"href":"https:\/\/naktalk.de\/nak-forschungsbericht\/wp-json\/wp\/v2\/pages\/997"}],"collection":[{"href":"https:\/\/naktalk.de\/nak-forschungsbericht\/wp-json\/wp\/v2\/pages"}],"about":[{"href":"https:\/\/naktalk.de\/nak-forschungsbericht\/wp-json\/wp\/v2\/types\/page"}],"author":[{"embeddable":true,"href":"https:\/\/naktalk.de\/nak-forschungsbericht\/wp-json\/wp\/v2\/users\/1"}],"replies":[{"embeddable":true,"href":"https:\/\/naktalk.de\/nak-forschungsbericht\/wp-json\/wp\/v2\/comments?post=997"}],"version-history":[{"count":4,"href":"https:\/\/naktalk.de\/nak-forschungsbericht\/wp-json\/wp\/v2\/pages\/997\/revisions"}],"predecessor-version":[{"id":1042,"href":"https:\/\/naktalk.de\/nak-forschungsbericht\/wp-json\/wp\/v2\/pages\/997\/revisions\/1042"}],"wp:attachment":[{"href":"https:\/\/naktalk.de\/nak-forschungsbericht\/wp-json\/wp\/v2\/media?parent=997"}],"curies":[{"name":"wp","href":"https:\/\/api.w.org\/{rel}","templated":true}]}}